e 14?
69b
4462 (base 9) to base 2
110011100000
-1b73e (base 15) to base 16
-15d28
What is 21100021 (base 3) in base 14?
1d45
What is -22635 (base 11) in base 13?
-11b70
-2c8c (base 14) to base 7
-32135
What is -7366 (base 9) in base 15?
-1906
Convert -325320 (base 6) to base 5.
-1331440
8b2 (base 16) to base 5
32401
-21bc (base 13) to base 6
-33502
-16444 (base 8) to base 10
-7460
Convert 4238 (base 15) to base 3.
201012122
-12bd (base 16) to base 11
-3671
What is -25431 (base 12) in base 10?
-50725
What is 420 (base 14) in base 15?
392
Convert -12020 (base 3) to base 6.
-353
-12102 (base 3) to base 13
-b3
Convert -55d (base 14) to base 16.
-427
Convert -bcc (base 16) to base 12.
-18b8
Convert -23222 (base 4) to base 5.
-10441
-3471 (base 10) to base 3
-11202120
Convert -32155 (base 7) to base 4.
-1330222
1b9 (base 13) to base 6
1253
Convert -e7 (base 16) to base 4.
-3213
What is 2063 (base 7) in base 14?
3a3
Convert -3754 (base 9) to base 4.
-223303
Convert 578 (base 12) to base 14.
420
Convert -4233 (base 5) to base 4.
-20320
195d (base 15) to base 8
12560
3211230 (base 4) to base 8
34554
-3042 (base 7) to base 10
-1059
10010000011010 (base 2) to base 10
9242
What is 5140 (base 6) in base 13?
699
Convert 215 (base 15) to base 2.
111010110
-572 (base 13) to base 3
-1021202
-10255 (base 7) to base 10
-2539
-1abd (base 14) to base 11
-3729
Convert -30f (base 16) to base 11.
-652
5512 (base 6) to base 7
3461
10022122 (base 3) to base 11
1900
-1021202 (base 3) to base 4
-32222
Convert -4a42 (base 12) to base 14.
-30c2
Convert -121011 (base 3) to base 13.
-277
What is e23 (base 15) in base 11?
2434
Convert 202120 (base 4) to base 6.
14104
What is 31113 (base 4) in base 15?
3c0
Convert 14253 (base 7) to base 4.
331011
What is 13400 (base 7) in base 5?
104001
6613 (base 8) to base 16
d8b
-2312 (base 9) to base 11
-1317
-746 (base 8) to base 3
-200000
Convert 1012211 (base 3) to base 9.
1184
35434 (base 7) to base 15
2a94
Convert 14 (base 8) to base 13.
c
What is -2 (base 6) in base 11?
-2
Convert -307 (base 13) to base 10.
-514
-3422 (base 5) to base 10
-487
Convert 297 (base 16) to base 2.
1010010111
Convert -f349 (base 16) to base 9.
-104381
6054 (base 8) to base 7
12041
Convert 540 (base 7) to base 4.
10101
What is -328 (base 10) in base 12?
-234
What is 1010001010011 (base 2) in base 5?
131303
-3687 (base 14) to base 8
-22467
-27260 (base 9) to base 10
-18441
What is -110313 (base 6) in base 4?
-2033211
74cd (base 15) to base 11
17631
-251 (base 13) to base 7
-1115
What is -67d (base 15) in base 5?
-21333
What is 266 (base 8) in base 9?
222
-5616 (base 7) to base 15
-8ec
Convert 1197 (base 13) to base 16.
9ba
-24a10 (base 12) to base 14
-1423a
-1458 (base 9) to base 16
-452
1003 (base 9) to base 13
444
-5729 (base 15) to base 3
-221100210
Convert -13a (base 13) to base 16.
-da
What is -7468 (base 13) in base 15?
-4bb1
-1006 (base 8) to base 15
-248
What is -38015 (base 10) in base 8?
-112177
What is -1235 (base 7) in base 13?
-29c
Convert 1931a (base 11) to base 16.
697c
-22532 (base 6) to base 13
-1610
-12320 (base 4) to base 8
-670
What is 6b (base 15) in base 3?
10202
-3b6 (base 16) to base 15
-435
What is -51231 (base 10) in base 15?
-102a6
102223 (base 5) to base 13
1746
1013 (base 8) to base 12
377
100132 (base 4) to base 13
631
516 (base 9) to base 5
3140
-361 (base 12) to base 8
-771
Convert -4003 (base 7) to base 6.
-10211
1000001 (base 2) to base 14
49
Convert -2630 (base 11) to base 9.
-4621
133033 (base 4) to base 7
5554
-c39 (base 14) to base 15
-aa3
Convert 112ed (base 16) to base 12.
34891
Convert 2011222 (base 3) to base 5.
22332
What is 41140 (base 6) in base 10?
5460
What is -3608 (base 14) in base 10?
-9416
What is 2016 (base 7) in base 4?
22323
Convert -8db (base 16) to base 8.
-4333
What is -5cc (base 13) in base 11?
-841
What is -34454 (base 9) in base 5?
-1213342
-703 (base 12) to base 14
-523
11156 (base 8) to base 13
21bc
Convert 310 (base 9) to base 12.
190
-50792 (base 11) to base 15
-16e88
-111311 (base 5) to base 15
-128b
350211 (base 6) to base 10
29887
1031221 (base 4) to base 5
124334
What is 120a (base 11) in base 10?
1583
Convert -13101320 (base 4) to base 2.
-111010001111000
11120120 (base 3) to base 9
4516
What is -63051 (base 7) in base 6?
-155343
Convert -1750 (base 11) to base 14.
-b57
Convert -359a (base 11) to base 5.
-122312
-2cb6 (base 14) to base 11
-6013
Convert -e6 (base 15) to base 3.
-22000
-a0ad (base 16) to base 12
-1b979
1000220110 (base 3) to base 14
75b1
Convert 4018 (base 16) to base 14.
5da0
-2b4b (base 14) to base 2
-1111000011111
Convert 10011000011011110 (base 2) to base 4.
103003132
Convert -1110111010 (base 2) to base 3.
-1022100
507 (base 8) to base 7
645
-32400 (base 5) to base 7
-6326
456 (base 16) to base 10
1110
Convert -962 (base 13) to base 16.
-641
What is -d4 (base 15) in base 8?
-307
-5323 (base 15) to base 5
-1030313
Convert -496 (base 15) to base 6.
-4453
What is -1058 (base 9) in base 2?
-1100001110
What is 101011000 (base 2) in base 15?
17e
What is -1220 (base 5) in base 13?
-113
-1000010011 (base 2) to base 14
-29d
Convert 2ace (base 16) to base 9.
16025
8146 (base 12) to base 3
201020100
2133 (base 4) to base 6
423
Convert 856 (base 13) to base 9.
1851
What is -1210101 (base 3) in base 5?
-20211
Convert -24341 (base 6) to base 4.
-320011
-40051 (base 6) to base 8
-12137
What is -10100112 (base 3) in base 11?
-1922
1531 (base 15) to base 7
16153
-12341 (base 7) to base 4
-302333
Convert 100000110110 (base 2) to base 13.
c59
What is 61401 (base 7) in base 5?
434241
-11011011010000 (base 2) to base 5
-422112
-4789 (base 12) to base 7
-32253
Convert 32211 (base 5) to base 11.
1703
-140055 (base 6) to base 8
-31303
What is 23756 (base 8) in base 12?
5aba
-7075 (base 8) to base 7
-13425
What is 352 (base 6) in base 7?
260
What is 405 (base 11) in base 10?
489
Convert 104011 (base 7) to base 5.
1040222
Convert 153 (base 9) to base 8.
201
What is 6749 (base 10) in base 3?
100020222
-10001010011110 (base 2) to base 12
-5166
-30477 (base 8) to base 7
-51520
-86ab (base 14) to base 2
-101101011101111
What is -122010202 (base 3) in base 16?
-30ce
Convert -19779 (base 11) to base 10.
-27553
1176 (base 11) to base 6
11035
What is -1ba (base 14) in base 12?
-260
What is 110010100100 (base 2) in base 4?
302210
-111100100111 (base 2) to base 13
-19c5
Convert 50 (base 6) to base 15.
20
Convert -300302 (base 4) to base 8.
-6062
4845 (base 12) to base 8
17665
-4215 (base 7) to base 3
-2000220
Convert 14042 (base 6) to base 5.
32221
-25652 (base 10) to base 9
-38162
-64451 (base 8) to base 12
-136b5
What is -1414 (base 7) in base 16?
-226
Convert 4100 (base 7) to base 14.
737
7653 (base 8) to base 11
3017
What is 1332030 (base 4) in base 16?
1f8c
Convert 5be (base 15) to base 9.
1708
6b6 (base 13) to base 4
102023
Convert -1300 (base 4) to base 7.
-220
What is -6332 (base 7) in base 13?
-1025
What is 1bed (base 15) in base 8?
13671
Convert 848 (base 10) to base 2.
1101010000
Convert 2156 (base 7) to base 11.
646
What is -331213 (base 4) in base 2?
-111101100111
-320410 (base 5) to base 14
-3ca6
-3502 (base 7) to base 10
-1276
What is 5773 (base 9) in base 10?
4278
Convert -110100010111010 (base 2) to base 11.
-19163
-1113 (base 6) to base 5
-2021
What is 20814 (base 10) in base 7?
114453
Convert 22212211 (base 4) to base 11.
2a6a1
Convert 3012 (base 7) to base 14.
542
1014 (base 6) to base 13
145
What is 695c (base 16) in base 2?
110100101011100
-3130 (base 5) to base 12
-2a7
133 (base 16) to base 13
1a8
What is -6c6 (base 14) in base 16?
-546
What is 2b4 (base 16) in base 14?
376
-212001122 (base 3) to base 8
-40653
-2606 (base 8) to base 16
-586
-748 (base 12) to base 3
-1110102
What is -5aec (base 15) in base 2?
-100101110010011
Convert aaa9 (base 11) to base 16.
392f
What is 5a1 (base 16) in base 6?
10401
What is -21202 (base 7) in base 2?
-1010001111101
Convert -5000 (base 9) to base 16.
-e3d
-13b66 (base 12) to base 4
-12232332
-1518 (base 9) to base 8
-2177
What is 444 (base 7) in base 5?
1403
77 (base 14) to base 13
81
What is 802b (base 15) in base 9?
41075
What is -1141 (base 5) in base 15?
-b6
What is 7a (base 13) in base 4?
1211
Convert -697 (base 14) to base 2.
-10100011101